-p*x + 3 = -4*x. What are the prime factors of x?
3
Let z(s) = -s**3 - 5*s**2 - 5*s - 2. Let a be z(-4). Suppose 0 = a*t + 3*t. Suppose 6 = u + 2*c + c, 4*u - c - 63 = t. What are the prime factors of u?
3, 5
Suppose -n + 7 = 2*x - 4, 3*n + 22 = 5*x. Suppose x*t - 3*c = 180, 0 = -4*t - c + 48 + 96. Suppose 4*p = t - 8. List the prime factors of p.
7
Let y = -4 - -7. Suppose 4*o - 2 + 0 = x, -6 = 5*o + 3*x. Suppose y*h - 2*h - 6 = o. What are the prime factors of h?
2, 3
Suppose 0 = 3*h + 3*l - 30, -h + l + l + 25 = 0. List the prime factors of 6/h + 63/5.
13
Suppose -20 = -2*n - 2*n. Let b(j) be the first derivative of j**2 - 2*j - 1. List the prime factors of b(n).
2
Let s(q) = -5 - 2*q + 3*q + 3 + 9. What are the prime factors of s(7)?
2, 7
Let v(o) = 3*o - 5*o - 7*o - o. List the prime factors of v(-1).
2, 5
Let b(x) = -2*x**3 - 4*x**2 - x - 4. Let p be b(-3). Let l be p + 2 - (2 - 1). Let r = 35 - l. List the prime factors of r.
17
Suppose m + 16 = -m. Let c be 6/m + (-775)/(-20). Suppose 5*v - 64 = -3*s, 3*v - c = -2*s - 0*s. What are the prime factors of v?
2, 7
Suppose 3*t - 14 = -53. Let h = -16 + t. Let n = -11 - h. List the prime factors of n.
2, 3
Let h be -13 - (6/2 - 2). Let z be (-4)/h - 76/(-28). Suppose 2*u = z*j - 28, -4*u + 19 - 3 = 0. List the prime factors of j.
2, 3
Suppose -5*v - q = q - 33, -v = -q - 1. Suppose 15 = 5*r, -v*r - 28 - 45 = -4*d. List the prime factors of d.
2, 11
Let k be (-42)/(-56)*8*1. Suppose -270 = -0*s - k*s. What are the prime factors of s?
3, 5
Let d = 174 - 12. List the prime factors of d.
2, 3
Let a(w) = -2*w + 12. Let q be a(5). Suppose 0 = 3*s + q*s - 40. List the prime factors of s.
2
Let u be (0 - 1)/(2/(-28)). List the prime factors of 656/28 - 6/u.
23
Let l(q) = -q**3 - q**2 - 6*q - 12. Let n(y) = y**3 + 2*y**2 + 7*y + 13. Let c(t) = -7*l(t) - 6*n(t). List the prime factors of c(5).
2, 3
Let r = 16 + -10. Let i be r/(-21) - 4/(-14). List the prime factors of 3 - (-1 + -1 + i).
5
Suppose r - 10 = -r. Suppose -2*p - p = 6, 2*p - 151 = -r*f. List the prime factors of f.
31
Let j(u) = u**3 - 6*u**2 - 7*u + 6. Let i be j(7). What are the prime factors of ((-21)/i)/(1/(-4))?
2, 7
Suppose 6*q - 3*q = 9. Let x = q - 4. What are the prime factors of ((-126)/7)/(x/1)?
2, 3
Let i(n) = -n**2 + 7*n - 7. Let a be i(5). What are the prime factors of (-2 + a)*(2 - -20)?
2, 11
Let l(d) = -4*d - 1. What are the prime factors of l(-4)?
3, 5
Let t be -2*29*(-3)/(-6). Let n = 45 + t. List the prime factors of n.
2
Let l(d) = -159*d + 1. Let c be l(1). List the prime factors of (-2)/(-5) + c/(-5).
2
Suppose -4*m + 2*z + 26 = 0, -4*m - 24 = -5*m - 3*z. What are the prime factors of m?
3
Let s(h) = h - 5. Let a(r) = 2*r - 10. Let f(v) = 2*a(v) - 5*s(v). What are the prime factors of f(0)?
5
Suppose -y - 10 = -6*y. Suppose 0 = -5*n + 3*b - 15, -2*n + y = -3*b + 8. List the prime factors of 1 - 0 - 3*n.
2, 5
Let t be ((-8)/(-12))/(6/(-207)). List the prime factors of t/(1/(3/(-3))).
23
Suppose -11 = -a - 7. Suppose -176 = -5*q + a*d, -54 = -2*q + d + 14. What are the prime factors of q?
2
Let k = 25 - -6. List the prime factors of k.
31
Let q(b) = b**3 - 11*b**2 - 12*b - 2. Let n be q(12). Let m = 6 + n. List the prime factors of m.
2
Let v(f) = -16*f. Suppose 2*o - 5 = 3*q, -1 - 1 = -2*o. Let d be v(q). Suppose -d = -3*l + 3*p + 14, 3*p = -5*l + 34. What are the prime factors of l?
2
Suppose -2*y = 5*o - 182, -2*o - y + 0*y + 73 = 0. List the prime factors of o.
2, 3
Let x = 13 + 411. What are the prime factors of x?
2, 53
Let y(w) = 14*w**2 + 5*w + 7. List the prime factors of y(-3).
2, 59
Suppose -7*i + 734 + 64 = 0. List the prime factors of i.
2, 3, 19
Let x = -124 - -236. What are the prime factors of ((-3)/(-2))/(12/x)?
2, 7
Let o be (6/9)/((-2)/(-3)). Suppose -5*i - q = 2*q - 11, 3*i = 2*q - o. Let t = i + 2. List the prime factors of t.
3
Let z = 7 - 4. Suppose i + 4 = z*i. Let d = 2 + i. What are the prime factors of d?
2
Let g = -21 - -32. What are the prime factors of g?
11
Let n(q) = 10*q**3 - 2*q + 3. List the prime factors of n(2).
79
Suppose l + 4 + 8 = 0. Let n be (-82)/(-8) + 3/l. List the prime factors of (3 + n)*1/1.
13
Let j = 7 + -4. Let x = 9 - j. What are the prime factors of x?
2, 3
Suppose -10 = 3*f + 4*n, 2*f - 4*n = 25 - 5. What are the prime factors of (26/(-4))/((-1)/f)?
13
List the prime factors of 4/(-2) + (-17 - -23).
2
Suppose 5*t = -4*d + 355, 5*d - t = 2*d + 271. List the prime factors of d.
2, 3, 5
Let h(z) = -z - 5. Let f be h(-7). Let b(s) = 6*s. List the prime factors of b(f).
2, 3
Let j(z) = -z**3 - 8*z**2 - 2*z + 1. Suppose 3*n - 2 = d, -d + 3*d + n + 18 = 0. What are the prime factors of j(d)?
17
Suppose -3*f - 2*d = -85, f - 62 = -f + 4*d. Suppose p - 2*p = -f. What are the prime factors of p?
29
Suppose -3*t + 5 + 13 = 0. Suppose 2*d = t*d - 48. What are the prime factors of d?
2, 3
Suppose j + l = -7, -2*l + 11 = -2*j - 3. What are the prime factors of (-66)/(-16) - j/(-56)?
2
Suppose -2*h + 1 = 5*q - 7, -12 = -4*q + 4*h. Suppose 7*f = q*f + 40. List the prime factors of f.
2
Let f = 395 + -168. List the prime factors of f.
227
Let k(r) = r. Let a be k(5). Let q = 2 + a. Suppose -q = -4*p + 65. List the prime factors of p.
2, 3
Let k = -137 - -252. What are the prime factors of k?
5, 23
Let z = -98 + 147. What are the prime factors of z?
7
Suppose -1 = i - 5. Suppose i = p - 0. Let y(g) = g**2 - 3*g + 5. What are the prime factors of y(p)?
3
Let w be 54*(8/3)/4. List the prime factors of (w/(-4))/(3/(-6)).
2, 3
Let n be 0 + 12 + 5/5. Suppose -r + 0*r + 19 = -4*x, r + 4*x + n = 0. Suppose -13 - 14 = -r*b. What are the prime factors of b?
3
Let o = 196 + -91. What are the prime factors of o?
3, 5, 7
Let l = 24 - 15. What are the prime factors of l?
3
Suppose 14*g - 2025 = 5*g. What are the prime factors of g?
3, 5
Suppose 97 = t - 78. List the prime factors of t.
5, 7
Let n(f) be the second derivative of f**5/5 - 4*f. Let b = 1 + 0. What are the prime factors of n(b)?
2
Let s = 3 + -1. Let t = 7 - s. List the prime factors of t.
5
Let u(b) = 8*b**3 - b**2 - 2*b + 1. What are the prime factors of u(2)?
3, 19
Let z(w) = -w**3 - 7*w**2 - w + 6. Let r(p) = p**3 + 6*p**2 + 2*p - 6. Let g(h) = -3*r(h) - 2*z(h). List the prime factors of g(-5).
3, 17
Suppose 4*p + 22 = 2*t, -p - p = -3*t + 17. Let c be (-242)/(-8) - (-3)/(-12). Suppose 0*i + c = t*i. What are the prime factors of i?
2, 5
Suppose 0 = 2*d - 4*s - 30, -s - 5 = -4*d - 4*s. What are the prime factors of 3/(d/(160/6))?
2
Suppose 0 = 2*c + 2*g - 2, -2*c = -8*g + 4*g - 8. Suppose -v + c*f = -2*f - 29, 56 = 4*v + 4*f. What are the prime factors of v?
17
Let i(a) = -a**2 + 3*a - 1. Let x be i(2). Let b be ((-56)/x)/(-2 + 1). Suppose o - b = -3*o. What are the prime factors of o?
2, 7
Let v = 5 - 0. What are the prime factors of v?
5
Let h = -3 + 8. Suppose 4*m + h*r - 17 = 0, 5*m - 2*r - 49 = r. List the prime factors of m.
2
Let a(g) = -g**3 - g + 13. Let z be a(0). Suppose -15 = -2*h + z. List the prime factors of h.
2, 7
Let t = 58 + -17. List the prime factors of t.
41
Suppose 4*p + 5*l = 52, 42 = 4*p + l - 10. List the prime factors of p.
13
Let g(v) = v**3 - 6*v**2 - 2*v + 22. List the prime factors of g(7).
3, 19
Suppose -f + 134 = 79. List the prime factors of f.
5, 11
Let s(r) = r**2 + 2*r - 4. Let y be s(-3). Let g be (y - 1) + 0 + -13. What are the prime factors of (g/10)/(2/(-4))?
3
Let u(c) = 16*c + 1. List the prime factors of u(8).
3, 43
Suppose -4*t - 4 = 4*b, -3 = -b + 4*b - 5*t. Let w(h) = -12*h. What are the prime factors of w(b)?
2, 3
Let c = -31 - -18. Let q be 22 - (-1)/((-1)/(-3)). Let l = c + q. What are the prime factors of l?
2, 3
Suppose 27 = 6*h - 3*h. List the prime factors of h.
3
Suppose 11*c + 95 = 16*c. What are the prime factors of c?
19
Let a(g) = -4*g - 2. Let q(l) = l**3 + 2*l**2 + 3*l + 3. Let j be q(-2). List the prime factors of a(j).
2, 5
Let g(c) be the second derivative of -c**5/20 + 2*c**4/3 - 5*c**3/6 + 5*c**2 - 3*c. List the prime factors of g(7).
2, 3
Suppose -3*x + 4*x = 0. Let d = -7 + 11. Let b = d + x. What are the prime factors of b?
2
Suppose 0 = -3*k - 3*g - 26 - 22, 5*k - g = -74. Let j = -19 - -13. Let d = j - k. What are the prime factors of d?
3
Let n = 16 - 28